{"id":106,"date":"2022-10-27T19:04:13","date_gmt":"2022-10-27T17:04:13","guid":{"rendered":"https:\/\/connectdestiny.org\/?page_id=106"},"modified":"2022-11-08T09:59:25","modified_gmt":"2022-11-08T08:59:25","slug":"educacion","status":"publish","type":"page","link":"https:\/\/connectdestiny.org\/?page_id=106","title":{"rendered":"Educaci\u00f3n"},"content":{"rendered":"<p>[et_pb_section fb_built=\u00bb1&#8243; fullwidth=\u00bbon\u00bb _builder_version=\u00bb4.18.0&#8243; _module_preset=\u00bbdefault\u00bb global_colors_info=\u00bb{}\u00bb][et_pb_fullwidth_header title=\u00bbeducaci\u00f3n\u00bb subhead=\u00bbCreando oportunidades\u00bb _builder_version=\u00bb4.18.0&#8243; _module_preset=\u00bbdefault\u00bb background_image=\u00bbhttps:\/\/connectdestiny.org\/wp-content\/uploads\/bg-1440-educacion-01-1.jpg\u00bb hover_enabled=\u00bb0&#8243; global_colors_info=\u00bb{}\u00bb title_font_size_last_edited=\u00bbon|phone\u00bb sticky_enabled=\u00bb0&#8243; title_font_size_phone=\u00bb24px\u00bb][\/et_pb_fullwidth_header][\/et_pb_section][et_pb_section fb_built=\u00bb1&#8243; _builder_version=\u00bb4.18.0&#8243; _module_preset=\u00bbdefault\u00bb custom_padding=\u00bb120px||120px||true|false\u00bb global_colors_info=\u00bb{}\u00bb][et_pb_row column_structure=\u00bb1_2,1_2&#8243; use_custom_gutter=\u00bbon\u00bb _builder_version=\u00bb4.18.0&#8243; _module_preset=\u00bbdefault\u00bb hover_enabled=\u00bb0&#8243; global_colors_info=\u00bb{}\u00bb sticky_enabled=\u00bb0&#8243;][et_pb_column type=\u00bb1_2&#8243; _builder_version=\u00bb4.18.0&#8243; _module_preset=\u00bbdefault\u00bb custom_padding=\u00bb|80px||80px|false|true\u00bb hover_enabled=\u00bb0&#8243; global_colors_info=\u00bb{}\u00bb custom_padding_last_edited=\u00bbon|phone\u00bb custom_padding_phone=\u00bb|40px||40px|false|true\u00bb sticky_enabled=\u00bb0&#8243; custom_padding_tablet=\u00bb|80px||80px|false|true\u00bb][et_pb_text _builder_version=\u00bb4.18.0&#8243; _module_preset=\u00bbdefault\u00bb global_colors_info=\u00bb{}\u00bb]<\/p>\n<p>En India todav\u00eda hay muchos ni\u00f1os\/as sin escolarizar, absentismo escolar y desconocimiento referente a la importancia que tiene una eduaci\u00f3n de calidad.<\/p>\n<p>Empezamos un centro de refuerzo educativo, para asegurar el desarrollo de todas las habilidades y la mejora del ingl\u00e9s como herramienta poderosa e indispensable para oportunidades futuras. En este centro hacen sus deberes y se les ense\u00f1a t\u00e9cnicas de estudio, refuerzo de ingl\u00e9s y se les motiva a desarrollar habilidades comunicativas, creativas y el desarrollo hol\u00edstico.<\/p>\n<p>Tambi\u00e9n hace a\u00f1os estamos dando becas escolares y universitarias, que aseguran una \u201coportunidad\u201d de futuro, que muchas familias no tendr\u00edan.<\/p>\n<p>[\/et_pb_text][et_pb_divider _builder_version=\u00bb4.18.0&#8243; _module_preset=\u00bbdefault\u00bb show_divider=\u00bboff\u00bb height=\u00bb100px\u00bb hover_enabled=\u00bb0&#8243; sticky_enabled=\u00bb0&#8243;][\/et_pb_divider][\/et_pb_column][et_pb_column type=\u00bb1_2&#8243; _builder_version=\u00bb4.18.0&#8243; _module_preset=\u00bbdefault\u00bb global_colors_info=\u00bb{}\u00bb][et_pb_image src=\u00bbhttps:\/\/connectdestiny.org\/wp-content\/uploads\/img-1440-educacion-95.jpg\u00bb title_text=\u00bbimg-1440-educacion-95&#8243; url=\u00bb@ET-DC@eyJkeW5hbWljIjp0cnVlLCJjb250ZW50IjoicG9zdF9saW5rX3VybF9wYWdlIiwic2V0dGluZ3MiOnsicG9zdF9pZCI6IjEwNiJ9fQ==@\u00bb _builder_version=\u00bb4.18.0&#8243; _dynamic_attributes=\u00bburl\u00bb _module_preset=\u00bbdefault\u00bb global_colors_info=\u00bb{}\u00bb][\/et_pb_image][\/et_pb_column][\/et_pb_row][\/et_pb_section]<\/p>\n","protected":false},"excerpt":{"rendered":"<p>En India todav\u00eda hay muchos ni\u00f1os\/as sin escolarizar, absentismo escolar y desconocimiento referente a la importancia que tiene una eduaci\u00f3n de calidad. Empezamos un centro de refuerzo educativo, para asegurar el desarrollo de todas las habilidades y la mejora del ingl\u00e9s como herramienta poderosa e indispensable para oportunidades futuras. En este centro hacen sus deberes [&hellip;]<\/p>\n","protected":false},"author":1,"featured_media":0,"parent":0,"menu_order":0,"comment_status":"closed","ping_status":"closed","template":"","meta":{"_et_pb_use_builder":"on","_et_pb_old_content":"","_et_gb_content_width":""},"_links":{"self":[{"href":"https:\/\/connectdestiny.org\/index.php?rest_route=\/wp\/v2\/pages\/106"}],"collection":[{"href":"https:\/\/connectdestiny.org\/index.php?rest_route=\/wp\/v2\/pages"}],"about":[{"href":"https:\/\/connectdestiny.org\/index.php?rest_route=\/wp\/v2\/types\/page"}],"author":[{"embeddable":true,"href":"https:\/\/connectdestiny.org\/index.php?rest_route=\/wp\/v2\/users\/1"}],"replies":[{"embeddable":true,"href":"https:\/\/connectdestiny.org\/index.php?rest_route=%2Fwp%2Fv2%2Fcomments&post=106"}],"version-history":[{"count":10,"href":"https:\/\/connectdestiny.org\/index.php?rest_route=\/wp\/v2\/pages\/106\/revisions"}],"predecessor-version":[{"id":631,"href":"https:\/\/connectdestiny.org\/index.php?rest_route=\/wp\/v2\/pages\/106\/revisions\/631"}],"wp:attachment":[{"href":"https:\/\/connectdestiny.org\/index.php?rest_route=%2Fwp%2Fv2%2Fmedia&parent=106"}],"curies":[{"name":"wp","href":"https:\/\/api.w.org\/{rel}","templated":true}]}}