{"id":22,"date":"2022-10-17T09:43:27","date_gmt":"2022-10-17T07:43:27","guid":{"rendered":"https:\/\/connectdestiny.org\/?page_id=22"},"modified":"2022-11-10T08:57:19","modified_gmt":"2022-11-10T07:57:19","slug":"testimonios","status":"publish","type":"page","link":"https:\/\/connectdestiny.org\/?page_id=22","title":{"rendered":"Testimonios"},"content":{"rendered":"<p>[et_pb_section fb_built=\u00bb1&#8243; fullwidth=\u00bbon\u00bb _builder_version=\u00bb4.18.0&#8243; _module_preset=\u00bbdefault\u00bb global_colors_info=\u00bb{}\u00bb][et_pb_fullwidth_header title=\u00bbtestimonios\u00bb subhead=\u00bbAs\u00ed lo cuentan quienes nos visitaron\u00bb _builder_version=\u00bb4.18.0&#8243; _module_preset=\u00bbdefault\u00bb background_image=\u00bbhttps:\/\/connectdestiny.org\/wp-content\/uploads\/bg-1440-comunidad-01.jpg\u00bb hover_enabled=\u00bb0&#8243; title_font_size_tablet=\u00bb\u00bb title_font_size_phone=\u00bb24px\u00bb title_font_size_last_edited=\u00bbon|phone\u00bb global_colors_info=\u00bb{}\u00bb sticky_enabled=\u00bb0&#8243;][\/et_pb_fullwidth_header][\/et_pb_section][et_pb_section fb_built=\u00bb1&#8243; _builder_version=\u00bb4.18.0&#8243; _module_preset=\u00bbdefault\u00bb custom_margin=\u00bb||||false|false\u00bb custom_padding=\u00bb120px||0px||false|false\u00bb global_colors_info=\u00bb{}\u00bb][et_pb_row column_structure=\u00bb1_2,1_2&#8243; use_custom_gutter=\u00bbon\u00bb _builder_version=\u00bb4.18.0&#8243; _module_preset=\u00bbdefault\u00bb max_width=\u00bb1440px\u00bb custom_padding=\u00bb0px||0px||true|false\u00bb global_colors_info=\u00bb{}\u00bb][et_pb_column type=\u00bb1_2&#8243; _builder_version=\u00bb4.18.0&#8243; _module_preset=\u00bbdefault\u00bb global_colors_info=\u00bb{}\u00bb][et_pb_image src=\u00bbhttps:\/\/connectdestiny.org\/wp-content\/uploads\/img-1080-3924-01.jpg\u00bb title_text=\u00bbimg-1080-3924-01&#8243; _builder_version=\u00bb4.18.0&#8243; _module_preset=\u00bbdefault\u00bb global_colors_info=\u00bb{}\u00bb][\/et_pb_image][\/et_pb_column][et_pb_column type=\u00bb1_2&#8243; _builder_version=\u00bb4.18.0&#8243; _module_preset=\u00bbdefault\u00bb custom_padding=\u00bb|80px||80px|false|true\u00bb custom_padding_tablet=\u00bb|80px||80px|false|true\u00bb custom_padding_phone=\u00bb40px|40px|40px|40px|true|true\u00bb custom_padding_last_edited=\u00bbon|phone\u00bb global_colors_info=\u00bb{}\u00bb][et_pb_text _builder_version=\u00bb4.18.0&#8243; _module_preset=\u00bbdefault\u00bb global_colors_info=\u00bb{}\u00bb]<\/p>\n<p>Estar, sentir, fluir, aprender, compartir\u2026<\/p>\n<p>ConnectDestiny hace todo eso y mucho m\u00e1s. Lleve acabo un proyecto que se llam\u00f3 Step By Step, mi reto era poder hacerles una gran recolecta de material escolar y de ocio que pudiera lograr recaudar en 3 meses. Hacer un taller y llevar la higiene oral a la India, de mi mano, ya que soy higienista bucodental. Lo logr\u00e9? Creo que si, pero esas caras de la foto hablan por m\u00ed.<\/p>\n<p>&nbsp;<\/p>\n<p style=\"text-align: right;\">Judit M.<\/p>\n<p>[\/et_pb_text][\/et_pb_column][\/et_pb_row][\/et_pb_section][et_pb_section fb_built=\u00bb1&#8243; _builder_version=\u00bb4.18.0&#8243; _module_preset=\u00bbdefault\u00bb background_color=\u00bb#A71311&#8243; global_colors_info=\u00bb{}\u00bb][et_pb_row column_structure=\u00bb1_2,1_2&#8243; use_custom_gutter=\u00bbon\u00bb _builder_version=\u00bb4.18.0&#8243; _module_preset=\u00bbdefault\u00bb max_width=\u00bb1440px\u00bb global_colors_info=\u00bb{}\u00bb][et_pb_column type=\u00bb1_2&#8243; _builder_version=\u00bb4.18.0&#8243; _module_preset=\u00bbdefault\u00bb custom_padding=\u00bb40px|80px||80px|false|true\u00bb custom_padding_tablet=\u00bb40px|80px||80px|false|true\u00bb custom_padding_phone=\u00bb|40px||40px|false|true\u00bb custom_padding_last_edited=\u00bbon|phone\u00bb global_colors_info=\u00bb{}\u00bb][et_pb_text _builder_version=\u00bb4.18.0&#8243; _module_preset=\u00bbdefault\u00bb background_layout=\u00bbdark\u00bb global_colors_info=\u00bb{}\u00bb]<\/p>\n<p>Que decir de Connect Destiny, para mi es una familia, que lucha por intentar acabar con la diferencia de clases, y de oportunidades que existen en este maravilloso pa\u00eds, con mucho trabajo se intenta dar oportunidad a esa gente que de otra manera no podr\u00eda conseguirlo, se intenta luchar por la igualdad, empoderando a la mujer y d\u00e1ndole recursos para que sea m\u00e1s aut\u00f3noma e independiente.<\/p>\n<p>El que sea una peque\u00f1a organizaci\u00f3n hace que todo lo que se consigue sea m\u00e1s cercano y a la ira de colaborar llena mucho m\u00e1s.<\/p>\n<p>&nbsp;<\/p>\n<p style=\"text-align: right;\">Pablo A.<\/p>\n<p>[\/et_pb_text][\/et_pb_column][et_pb_column type=\u00bb1_2&#8243; _builder_version=\u00bb4.18.0&#8243; _module_preset=\u00bbdefault\u00bb global_colors_info=\u00bb{}\u00bb][et_pb_image src=\u00bbhttps:\/\/connectdestiny.org\/wp-content\/uploads\/img-1080-0956-01.jpg\u00bb title_text=\u00bbimg-1080-0956-01&#8243; _builder_version=\u00bb4.18.0&#8243; _module_preset=\u00bbdefault\u00bb global_colors_info=\u00bb{}\u00bb][\/et_pb_image][\/et_pb_column][\/et_pb_row][\/et_pb_section][et_pb_section fb_built=\u00bb1&#8243; _builder_version=\u00bb4.18.0&#8243; _module_preset=\u00bbdefault\u00bb custom_padding=\u00bb120px||40px||false|true\u00bb global_colors_info=\u00bb{}\u00bb][et_pb_row column_structure=\u00bb1_2,1_2&#8243; use_custom_gutter=\u00bbon\u00bb _builder_version=\u00bb4.18.0&#8243; _module_preset=\u00bbdefault\u00bb max_width=\u00bb1440px\u00bb custom_padding=\u00bb0px||0px||true|false\u00bb global_colors_info=\u00bb{}\u00bb][et_pb_column type=\u00bb1_2&#8243; _builder_version=\u00bb4.18.0&#8243; _module_preset=\u00bbdefault\u00bb global_colors_info=\u00bb{}\u00bb][et_pb_image src=\u00bbhttps:\/\/connectdestiny.org\/wp-content\/uploads\/img-1080-487327-02.jpg\u00bb title_text=\u00bbimg-1080-487327-02&#8243; _builder_version=\u00bb4.18.0&#8243; _module_preset=\u00bbdefault\u00bb global_colors_info=\u00bb{}\u00bb][\/et_pb_image][\/et_pb_column][et_pb_column type=\u00bb1_2&#8243; _builder_version=\u00bb4.18.0&#8243; _module_preset=\u00bbdefault\u00bb custom_padding=\u00bb|80px||80px|false|true\u00bb custom_padding_tablet=\u00bb|80px||80px|false|true\u00bb custom_padding_phone=\u00bb40px|40px||40px|false|true\u00bb custom_padding_last_edited=\u00bbon|phone\u00bb global_colors_info=\u00bb{}\u00bb][et_pb_text _builder_version=\u00bb4.18.0&#8243; _module_preset=\u00bbdefault\u00bb global_colors_info=\u00bb{}\u00bb]<\/p>\n<p>He tenido el placer de poder vivir esa experiencia ( que he repetido en varias ocasiones m\u00e1s ) momentos \u00fanicos y especiales .<\/p>\n<p>Mi andadura en este proyecto empez\u00f3 ya hace casi 6 a\u00f1os . Descubr\u00ed una ONG peque\u00f1ita pero con enormes proyectos . Conoc\u00ed a la Ceci y me implique personalmente en sus proyectos .<\/p>\n<p>Despu\u00e9s de estos a\u00f1os , habiendo implicado a mi hija , una ni\u00f1a que constantemente hace planes para volver a India con sus amigos , sigo creyendo en este proyecto que poco a poco estamos colaborando para poder construir un futuro mejor para familias que no puedan acceder a unos estudios , alimentos o futuro m\u00e1s digno .<\/p>\n<p>Sigo creyendo que , granito a granito podemos ayudar a mejorar esa pueblo , esa gente tan hospitalaria y sobre todo poder verles sonre\u00edr .<\/p>\n<p>Ceci , has sido luz en mi vida. Gracias<\/p>\n<p>&nbsp;<\/p>\n<p style=\"text-align: right;\">Pau N.<\/p>\n<p>[\/et_pb_text][\/et_pb_column][\/et_pb_row][\/et_pb_section][et_pb_section fb_built=\u00bb1&#8243; _builder_version=\u00bb4.18.0&#8243; _module_preset=\u00bbdefault\u00bb background_color=\u00bb#46BF12&#8243; custom_padding=\u00bb120px||40px||false|false\u00bb global_colors_info=\u00bb{}\u00bb][et_pb_row column_structure=\u00bb1_2,1_2&#8243; use_custom_gutter=\u00bbon\u00bb _builder_version=\u00bb4.18.0&#8243; _module_preset=\u00bbdefault\u00bb max_width=\u00bb1440px\u00bb custom_padding=\u00bb0px||0px||true|false\u00bb global_colors_info=\u00bb{}\u00bb][et_pb_column type=\u00bb1_2&#8243; _builder_version=\u00bb4.18.0&#8243; _module_preset=\u00bbdefault\u00bb custom_padding=\u00bb|80px||80px|false|true\u00bb custom_padding_tablet=\u00bb|80px||80px|false|true\u00bb custom_padding_phone=\u00bb|40px||40px|false|true\u00bb custom_padding_last_edited=\u00bbon|phone\u00bb global_colors_info=\u00bb{}\u00bb][et_pb_text _builder_version=\u00bb4.18.0&#8243; _module_preset=\u00bbdefault\u00bb global_colors_info=\u00bb{}\u00bb]<\/p>\n<p>En el a\u00f1o Abril 2018 de viaje por la India con mi amigo Javier Torras, y al visitar Mahabalapuram, la Vida, a trav\u00e9s de las \u201ccausalidades\u201d con las que juega para nos encontremos personas con las que vivir experiencias especiales, hizo que conoci\u00e9semos a Cecilia y su proyecto de vida.<\/p>\n<p>Tuve la suerte tambi\u00e9n de poder realizar una actividad con los ni\u00f1os y ni\u00f1as que por aquel entonces acud\u00edan al centro, siendo para m\u00ed una experiencia muy entra\u00f1able.<\/p>\n<p>Connect Destiny era por aquel entonces, una ONG \u201chumilde\u201d en relaci\u00f3n a los medios que dispon\u00eda, pero lo que all\u00ed se respiraba y sent\u00eda era una gran alegr\u00eda y \u201cganas de hacer\u201d para que las personas que viven en la zona tengan la oportunidad de mejorar sus vidas.<\/p>\n<p>Me siento orgulloso y feliz de contar con la amistad de Cecilia y seguir apoyando su proyecto desde entonces.<\/p>\n<p>Gracias, Gracias, Gracias y que sea por muchos a\u00f1os m\u00e1s.<\/p>\n<p>&nbsp;<\/p>\n<p style=\"text-align: right;\">Abelardo A.<\/p>\n<p>[\/et_pb_text][\/et_pb_column][et_pb_column type=\u00bb1_2&#8243; _builder_version=\u00bb4.18.0&#8243; _module_preset=\u00bbdefault\u00bb global_colors_info=\u00bb{}\u00bb][et_pb_image src=\u00bbhttps:\/\/connectdestiny.org\/wp-content\/uploads\/img-1440-abelardo-44.jpg\u00bb title_text=\u00bbimg-1440-abelardo-44&#8243; _builder_version=\u00bb4.18.0&#8243; _module_preset=\u00bbdefault\u00bb global_colors_info=\u00bb{}\u00bb][\/et_pb_image][\/et_pb_column][\/et_pb_row][\/et_pb_section][et_pb_section fb_built=\u00bb1&#8243; _builder_version=\u00bb4.18.0&#8243; _module_preset=\u00bbdefault\u00bb global_colors_info=\u00bb{}\u00bb][et_pb_row column_structure=\u00bb1_2,1_2&#8243; use_custom_gutter=\u00bbon\u00bb _builder_version=\u00bb4.18.0&#8243; _module_preset=\u00bbdefault\u00bb max_width=\u00bb1440px\u00bb custom_padding=\u00bb0px||0px||true|false\u00bb global_colors_info=\u00bb{}\u00bb][et_pb_column type=\u00bb1_2&#8243; _builder_version=\u00bb4.18.0&#8243; _module_preset=\u00bbdefault\u00bb global_colors_info=\u00bb{}\u00bb][et_pb_image src=\u00bbhttps:\/\/connectdestiny.org\/wp-content\/uploads\/img-1080-191126-13.jpg\u00bb title_text=\u00bbimg-1080-191126-13&#8243; _builder_version=\u00bb4.18.0&#8243; _module_preset=\u00bbdefault\u00bb global_colors_info=\u00bb{}\u00bb][\/et_pb_image][\/et_pb_column][et_pb_column type=\u00bb1_2&#8243; _builder_version=\u00bb4.18.0&#8243; _module_preset=\u00bbdefault\u00bb custom_padding=\u00bb40px|80px||80px|false|true\u00bb custom_padding_tablet=\u00bb40px|80px||80px|false|true\u00bb custom_padding_phone=\u00bb|40px||40px|false|true\u00bb custom_padding_last_edited=\u00bbon|phone\u00bb global_colors_info=\u00bb{}\u00bb][et_pb_text _builder_version=\u00bb4.18.0&#8243; _module_preset=\u00bbdefault\u00bb global_colors_info=\u00bb{}\u00bb]<\/p>\n<p>Experiencia inolvidable en el Taller de M\u00e1scaras con los ni\u00f1os.<\/p>\n<p>Gran labor de Connect Destiny ORG. con las mujeres con la creaci\u00f3n de trabajo para ser independientes. Felicitaciones.<\/p>\n<p>&nbsp;<\/p>\n<p style=\"text-align: right;\">Javier T.<\/p>\n<p>[\/et_pb_text][\/et_pb_column][\/et_pb_row][\/et_pb_section]<\/p>\n","protected":false},"excerpt":{"rendered":"<p>Estar, sentir, fluir, aprender, compartir\u2026 ConnectDestiny hace todo eso y mucho m\u00e1s. Lleve acabo un proyecto que se llam\u00f3 Step By Step, mi reto era poder hacerles una gran recolecta de material escolar y de ocio que pudiera lograr recaudar en 3 meses. Hacer un taller y llevar la higiene oral a la India, de [&hellip;]<\/p>\n","protected":false},"author":1,"featured_media":0,"parent":0,"menu_order":0,"comment_status":"closed","ping_status":"closed","template":"","meta":{"_et_pb_use_builder":"on","_et_pb_old_content":"","_et_gb_content_width":""},"_links":{"self":[{"href":"https:\/\/connectdestiny.org\/index.php?rest_route=\/wp\/v2\/pages\/22"}],"collection":[{"href":"https:\/\/connectdestiny.org\/index.php?rest_route=\/wp\/v2\/pages"}],"about":[{"href":"https:\/\/connectdestiny.org\/index.php?rest_route=\/wp\/v2\/types\/page"}],"author":[{"embeddable":true,"href":"https:\/\/connectdestiny.org\/index.php?rest_route=\/wp\/v2\/users\/1"}],"replies":[{"embeddable":true,"href":"https:\/\/connectdestiny.org\/index.php?rest_route=%2Fwp%2Fv2%2Fcomments&post=22"}],"version-history":[{"count":22,"href":"https:\/\/connectdestiny.org\/index.php?rest_route=\/wp\/v2\/pages\/22\/revisions"}],"predecessor-version":[{"id":675,"href":"https:\/\/connectdestiny.org\/index.php?rest_route=\/wp\/v2\/pages\/22\/revisions\/675"}],"wp:attachment":[{"href":"https:\/\/connectdestiny.org\/index.php?rest_route=%2Fwp%2Fv2%2Fmedia&parent=22"}],"curies":[{"name":"wp","href":"https:\/\/api.w.org\/{rel}","templated":true}]}}